ainder when 12192 is divided by 182.
180
Calculate the remainder when 9357 is divided by 12.
9
Calculate the remainder when 2098 is divided by 2093.
5
What is the remainder when 76541 is divided by 52?
49
Calculate the remainder when 74576 is divided by 37288.
0
What is the remainder when 14637 is divided by 173?
105
Calculate the remainder when 91744 is divided by 5394.
46
Calculate the remainder when 24334 is divided by 133.
128
Calculate the remainder when 7239 is divided by 1935.
1434
What is the remainder when 5608 is divided by 5570?
38
Calculate the remainder when 47879 is divided by 5318.
17
What is the remainder when 159433 is divided by 462?
43
What is the remainder when 37816 is divided by 257?
37
What is the remainder when 3791 is divided by 165?
161
What is the remainder when 9239 is divided by 369?
14
What is the remainder when 47051 is divided by 256?
203
What is the remainder when 2811 is divided by 121?
28
What is the remainder when 5755 is divided by 274?
1
Calculate the remainder when 38801 is divided by 1685.
46
Calculate the remainder when 1096 is divided by 247.
108
What is the remainder when 47363 is divided by 382?
377
Calculate the remainder when 5678 is divided by 2742.
194
What is the remainder when 19937 is divided by 1991?
27
Calculate the remainder when 1545569 is divided by 14.
11
What is the remainder when 410129 is divided by 310?
309
What is the remainder when 51586 is divided by 1778?
24
What is the remainder when 46640 is divided by 343?
335
What is the remainder when 18905 is divided by 259?
257
What is the remainder when 274389 is divided by 21?
3
What is the remainder when 54477 is divided by 250?
227
Calculate the remainder when 232780 is divided by 37.
13
What is the remainder when 14028 is divided by 113?
16
Calculate the remainder when 63521 is divided by 105.
101
Calculate the remainder when 1062 is divided by 344.
30
Calculate the remainder when 4600 is divided by 14.
8
Calculate the remainder when 2084 is divided by 1955.
129
Calculate the remainder when 22272 is divided by 116.
0
What is the remainder when 4220 is divided by 4218?
2
Calculate the remainder when 599 is divided by 182.
53
Calculate the remainder when 1868 is divided by 418.
196
What is the remainder when 455612 is divided by 293?
290
Calculate the remainder when 2359 is divided by 1958.
401
What is the remainder when 2182 is divided by 699?
85
Calculate the remainder when 136451 is divided by 3173.
12
Calculate the remainder when 8506 is divided by 771.
25
What is the remainder when 1722 is divided by 213?
18
Calculate the remainder when 1518782 is divided by 19.
17
Calculate the remainder when 269693 is divided by 896.
893
Calculate the remainder when 16311 is divided by 494.
9
Calculate the remainder when 2484 is divided by 2455.
29
Calculate the remainder when 2809 is divided by 7.
2
What is the remainder when 14605227 is divided by 15?
12
Calculate the remainder when 8018 is divided by 2601.
215
What is the remainder when 337564 is divided by 112520?
4
What is the remainder when 3472 is divided by 156?
40
Calculate the remainder when 12917 is divided by 380.
377
Calculate the remainder when 6880 is divided by 485.
90
What is the remainder when 5902 is divided by 658?
638
What is the remainder when 26459 is divided by 108?
107
Calculate the remainder when 14726 is divided by 1072.
790
What is the remainder when 43624 is divided by 40?
24
Calculate the remainder when 25998 is divided by 8665.
3
What is the remainder when 6926 is divided by 314?
18
Calculate the remainder when 15431 is divided by 2239.
1997
What is the remainder when 133788 is divided by 10?
8
What is the remainder when 1210 is divided by 71?
3
Calculate the remainder when 21252 is divided by 3499.
258
What is the remainder when 231355 is divided by 240?
235
What is the remainder when 26876 is divided by 4477?
14
What is the remainder when 4099794 is divided by 60?
54
What is the remainder when 16715 is divided by 560?
475
What is the remainder when 2287 is divided by 455?
12
What is the remainder when 6799 is divided by 3292?
215
What is the remainder when 28909 is divided by 1032?
13
Calculate the remainder when 2359 is divided by 456.
79
Calculate the remainder when 2384 is divided by 66.
8
What is the remainder when 7921 is divided by 306?
271
Calculate the remainder when 46762 is divided by 550.
12
Calculate the remainder when 576 is divided by 325.
251
Calculate the remainder when 21797 is divided by 454.
5
What is the remainder when 3578 is divided by 397?
5
Calculate the remainder when 383983 is divided by 371.
369
What is the remainder when 141514 is divided by 313?
38
Calculate the remainder when 2713 is divided by 224.
25
What is the remainder when 1310317 is divided by 187187?
8
Calculate the remainder when 326 is divided by 143.
40
What is the remainder when 113900 is divided by 65?
20
What is the remainder when 9499 is divided by 22?
17
Calculate the remainder when 1040391 is divided by 958.
3
Calculate the remainder when 95914 is divided by 91.
0
Calculate the remainder when 4224 is divided by 23.
15
What is the remainder when 3868 is divided by 1285?
13
Calculate the remainder when 5514 is divided by 188.
62
Calculate the remainder when 16770 is divided by 711.
417
What is the remainder when 11403 is divided by 38?
3
What is the remainder when 1009 is divided by 71?
15
Calculate the remainder when 3124 is divided by 428.
128
Calculate the remainder when 7180 is divided by 138.
4
What is the remainder when 7129 is divided by 30?
19
Calculate the remainder when 35529 is divided by 106.
19
What is the remainder when 759622 is divided by 372?
370
Calculate the remainder when 8217 is divided by 910.
27
What is the remainder when 285632 is divided by 78?
74
What is the remainder when 5998 is divided by 111?
4
What is the remainder when 10117 is divided by 3357?
46
What is the remainder when 69753 is divided by 207?
201
What is the remainder when 4595 is divided by 637?
136
What is the remainder when 2153 is divided by 354?
29
What is the remainder when 51791 is divided by 3044?
43
Calculate the remainder when 312 is divided by 110.
92
Calculate the remainder when 3804613 is divided by 531.
529
What is the remainder when 412 is divided by 112?
76
Calculate the remainder when 3970 is divided by 444.
418
What is the remainder when 25379 is divided by 11?
2
What is the remainder when 57799 is divided by 340?
339
Calculate the remainder when 1875649 is divided by 14.
13
Calculate the remainder when 371873 is divided by 101.
92
What is the remainder when 880343 is divided by 39?
35
Calculate the remainder when 2162972 is divided by 1205.
1202
Calculate the remainder when 2169 is divided by 713.
30
Calculate the remainder when 61624 is divided by 12.
4
What is the remainder when 12393 is divided by 108?
81
Calculate the remainder when 916 is divided by 17.
15
What is the remainder when 51093 is divided by 2880?
2133
Calculate the remainder when 88656 is divided by 333.
78
Calculate the remainder when 17123 is divided by 8530.
63
What is the remainder when 38956 is divided by 1944?
76
What is the remainder when 6554 is divided by 36?
2
Calculate the remainder when 17047 is divided by 8.
7
What is the remainder when 159374 is divided by 25?
24
Calculate the remainder when 120700 is divided by 9284.
8
What is the remainder when 1695 is divided by 866?
829
Calculate the remainder when 573 is divided by 503.
70
What is the remainder when 4401 is divided by 163?
0
Calculate the remainder when 31897 is divided by 15944.
9
Calculate the remainder when 5030 is divided by 1485.
575
Calculate the remainder when 870 is divided by 66.
12
Calculate the remainder when 60581 is divided by 4660.
1
What is the remainder when 339816 is divided by 3577?
1
Calculate the remainder when 23376 is divided by 754.
2
What is the remainder when 116144 is divided by 59?
32
What is the remainder when 85240 is divided by 32?
24
Calculate the remainder when 17516 is divided by 32.
12
What is the remainder when 138954 is divided by 21?
18
What is the remainder when 2476 is divided by 227?
206
What is the remainder when 166230 is divided by 55400?
30
Calculate the remainder when 310489 is d